{"id":47023,"date":"2026-06-19T18:40:06","date_gmt":"2026-06-19T16:40:06","guid":{"rendered":"https:\/\/galeriemontorgueil.com\/produit\/des-mots-dou\/"},"modified":"2026-06-19T18:40:10","modified_gmt":"2026-06-19T16:40:10","slug":"des-mots-dou","status":"publish","type":"product","link":"https:\/\/galeriemontorgueil.com\/en\/produit\/des-mots-dou\/","title":{"rendered":"Des mots d&#8217;o\u00f9 ?"},"content":{"rendered":"<p>Titre : Des mots d&#8217;o\u00f9 ?<br \/>Year: 2025<br \/>Dimensions : 29 x 20 cm \/ Encadr\u00e9 : 35 x 26 cm<br \/>Edition sur 5 exemplaires (chaque page de dictionnaire est unique)<br \/>Chaque \u0153uvre est vendue avec son encadrement<br \/>Technique : Pochoir sur page de dictionnaire vintage datant de 1950<\/p>\n<p style=\"text-align:justify\">La Dactylo, urban poet and language artist, transforms public and digital spaces into a vast artistic playground. Her aphorisms, splashed on walls or disseminated online, are acts of poetic resistance aimed at awakening consciences and restoring a piece of power to everyone in urban spaces. The aphorism is the art of brevity. The uppercut of style. It strikes, challenges, makes you smile, infiltrates minds, sows doubt, generates reflection or awareness. La Dactylo travels across France in her van on what she calls her \u00abDactylotours,\u00bb scattering her words throughout cities. But her work extends beyond the street: she also exhibits in galleries or at festivals and group exhibitions. She has participated in Art Paris, among other events, and taken over a room at the Centre Georges Pompidou for a solo exhibition. Her collection, D\u00e9mo d\u2019esprit (\u00c9ditions Verticales, Gallimard), brings together her iconic aphorisms.<\/p>","protected":false},"excerpt":{"rendered":"<p>Titre : Des mots d&#8217;o\u00f9 ?Ann\u00e9e : 2025Dimensions : 29 x 20 cm \/ Encadr\u00e9 : 35 x 26 cmEdition sur 5 exemplaires (chaque page de dictionnaire est unique)Chaque \u0153uvre est vendue avec son encadrementTechnique : Pochoir sur page de dictionnaire vintage datant de 1950 La Dactylo, po\u00e9tesse urbaine et artiste du langage, transforme l\u2019espace [&hellip;]<\/p>\n","protected":false},"featured_media":47022,"template":"","meta":{"_acf_changed":false,"_seopress_titles_title":"","_seopress_titles_desc":"","_seopress_robots_index":"","_seopress_robots_follow":"","_seopress_robots_imageindex":"","_seopress_robots_snippet":"","_seopress_robots_primary_cat":"","_seopress_robots_breadcrumbs":"","_seopress_robots_freeze_modified_date":"","_seopress_robots_custom_modified_date":"","_seopress_robots_canonical":"","_seopress_social_fb_title":"","_seopress_social_fb_desc":"","_seopress_social_fb_img":"","_seopress_social_fb_img_attachment_id":0,"_seopress_social_fb_img_width":0,"_seopress_social_fb_img_height":0,"_seopress_social_twitter_title":"","_seopress_social_twitter_desc":"","_seopress_social_twitter_img":"","_seopress_social_twitter_img_attachment_id":0,"_seopress_social_twitter_img_width":0,"_seopress_social_twitter_img_height":0,"_seopress_redirections_value":"","_seopress_redirections_enabled":"","_seopress_redirections_enabled_regex":"","_seopress_redirections_logged_status":"","_seopress_redirections_param":"","_seopress_redirections_type":0,"_seopress_analysis_target_kw":""},"product_brand":[],"product_cat":[97],"product_tag":[],"pa_artistes":[401],"class_list":["post-47023","product","type-product","status-publish","has-post-thumbnail","product_cat-non-classe","pa_artistes-la-dactylo","pa_types-print","first","instock","shipping-taxable","purchasable","product-type-simple"],"acf":{"year":"2025","artwork_not_saled":false,"piece_unique":false},"_links":{"self":[{"href":"https:\/\/galeriemontorgueil.com\/en\/wp-json\/wp\/v2\/product\/47023","targetHints":{"allow":["GET"]}}],"collection":[{"href":"https:\/\/galeriemontorgueil.com\/en\/wp-json\/wp\/v2\/product"}],"about":[{"href":"https:\/\/galeriemontorgueil.com\/en\/wp-json\/wp\/v2\/types\/product"}],"wp:featuredmedia":[{"embeddable":true,"href":"https:\/\/galeriemontorgueil.com\/en\/wp-json\/wp\/v2\/media\/47022"}],"wp:attachment":[{"href":"https:\/\/galeriemontorgueil.com\/en\/wp-json\/wp\/v2\/media?parent=47023"}],"wp:term":[{"taxonomy":"product_brand","embeddable":true,"href":"https:\/\/galeriemontorgueil.com\/en\/wp-json\/wp\/v2\/product_brand?post=47023"},{"taxonomy":"product_cat","embeddable":true,"href":"https:\/\/galeriemontorgueil.com\/en\/wp-json\/wp\/v2\/product_cat?post=47023"},{"taxonomy":"product_tag","embeddable":true,"href":"https:\/\/galeriemontorgueil.com\/en\/wp-json\/wp\/v2\/product_tag?post=47023"},{"taxonomy":"pa_artistes","embeddable":true,"href":"https:\/\/galeriemontorgueil.com\/en\/wp-json\/wp\/v2\/pa_artistes?post=47023"}],"curies":[{"name":"wp","href":"https:\/\/api.w.org\/{rel}","templated":true}]}}

Des mots d&#8217;où ?

<p>Titre : Des mots d&#8217;où ?<br />Year: 2025<br />Dimensions : 29 x 20 cm / Encadré : 35 x 26 cm<br />Edition sur 5 exemplaires (chaque page de dictionnaire est unique)<br />Chaque œuvre est vendue avec son encadrement<br />Technique : Pochoir sur page de dictionnaire vintage datant de 1950</p>
<p style="text-align:justify">La Dactylo, urban poet and language artist, transforms public and digital spaces into a vast artistic playground. Her aphorisms, splashed on walls or disseminated online, are acts of poetic resistance aimed at awakening consciences and restoring a piece of power to everyone in urban spaces. The aphorism is the art of brevity. The uppercut of style. It strikes, challenges, makes you smile, infiltrates minds, sows doubt, generates reflection or awareness. La Dactylo travels across France in her van on what she calls her «Dactylotours,» scattering her words throughout cities. But her work extends beyond the street: she also exhibits in galleries or at festivals and group exhibitions. She has participated in Art Paris, among other events, and taken over a room at the Centre Georges Pompidou for a solo exhibition. Her collection, Démo d’esprit (Éditions Verticales, Gallimard), brings together her iconic aphorisms.</p>

<p>Titre : Des mots d&#8217;où ?Année : 2025Dimensions : 29 x 20 cm / Encadré : 35 x 26 cmEdition sur 5 exemplaires (chaque page de dictionnaire est unique)Chaque œuvre est vendue avec son encadrementTechnique : Pochoir sur page de dictionnaire vintage datant de 1950 La Dactylo, poétesse urbaine et artiste du langage, transforme l’espace [&hellip;]</p>
